is divided by 310.
305
Calculate the remainder when 145 is divided by 75.
70
What is the remainder when 761 is divided by 96?
89
Calculate the remainder when 509 is divided by 27.
23
What is the remainder when 598 is divided by 334?
264
What is the remainder when 2274 is divided by 40?
34
Calculate the remainder when 2511 is divided by 158.
141
What is the remainder when 473 is divided by 96?
89
What is the remainder when 655 is divided by 76?
47
Calculate the remainder when 1054 is divided by 135.
109
What is the remainder when 1380 is divided by 343?
8
What is the remainder when 41578 is divided by 140?
138
Calculate the remainder when 383 is divided by 15.
8
Calculate the remainder when 773 is divided by 34.
25
What is the remainder when 1190 is divided by 395?
5
What is the remainder when 50 is divided by 22?
6
Calculate the remainder when 425 is divided by 155.
115
What is the remainder when 463 is divided by 26?
21
Calculate the remainder when 318 is divided by 64.
62
Calculate the remainder when 60 is divided by 16.
12
What is the remainder when 163 is divided by 41?
40
What is the remainder when 200 is divided by 23?
16
What is the remainder when 789 is divided by 30?
9
Calculate the remainder when 408 is divided by 96.
24
Calculate the remainder when 1832 is divided by 206.
184
Calculate the remainder when 369 is divided by 42.
33
Calculate the remainder when 3152 is divided by 5.
2
Calculate the remainder when 443 is divided by 144.
11
What is the remainder when 69 is divided by 40?
29
Calculate the remainder when 99 is divided by 18.
9
Calculate the remainder when 4621 is divided by 25.
21
Calculate the remainder when 355 is divided by 89.
88
Calculate the remainder when 80 is divided by 28.
24
What is the remainder when 2892 is divided by 49?
1
What is the remainder when 421 is divided by 140?
1
Calculate the remainder when 1230 is divided by 225.
105
Calculate the remainder when 1063 is divided by 97.
93
Calculate the remainder when 1345 is divided by 308.
113
Calculate the remainder when 406 is divided by 382.
24
Calculate the remainder when 371 is divided by 75.
71
Calculate the remainder when 9236 is divided by 22.
18
What is the remainder when 70 is divided by 3?
1
What is the remainder when 153 is divided by 57?
39
What is the remainder when 11668 is divided by 15?
13
What is the remainder when 247 is divided by 26?
13
Calculate the remainder when 135 is divided by 26.
5
What is the remainder when 1878 is divided by 13?
6
Calculate the remainder when 3989 is divided by 15.
14
Calculate the remainder when 80 is divided by 30.
20
Calculate the remainder when 40957 is divided by 123.
121
What is the remainder when 763 is divided by 763?
0
Calculate the remainder when 8226 is divided by 22.
20
What is the remainder when 405 is divided by 274?
131
Calculate the remainder when 863 is divided by 300.
263
What is the remainder when 1551 is divided by 8?
7
What is the remainder when 1221 is divided by 585?
51
Calculate the remainder when 309 is divided by 97.
18
Calculate the remainder when 1162 is divided by 26.
18
Calculate the remainder when 309 is divided by 53.
44
Calculate the remainder when 952 is divided by 479.
473
What is the remainder when 177 is divided by 32?
17
What is the remainder when 1329 is divided by 110?
9
Calculate the remainder when 496 is divided by 18.
10
What is the remainder when 1663 is divided by 231?
46
Calculate the remainder when 22079 is divided by 181.
178
What is the remainder when 171 is divided by 11?
6
What is the remainder when 1608 is divided by 39?
9
What is the remainder when 66040 is divided by 27?
25
What is the remainder when 195 is divided by 174?
21
What is the remainder when 2411 is divided by 97?
83
What is the remainder when 308 is divided by 35?
28
What is the remainder when 785 is divided by 44?
37
What is the remainder when 136 is divided by 40?
16
Calculate the remainder when 10027 is divided by 346.
339
Calculate the remainder when 2039 is divided by 102.
101
What is the remainder when 166 is divided by 12?
10
Calculate the remainder when 5775 is divided by 18.
15
What is the remainder when 10029 is divided by 5005?
19
Calculate the remainder when 3381 is divided by 8.
5
What is the remainder when 581 is divided by 14?
7
Calculate the remainder when 525 is divided by 74.
7
Calculate the remainder when 8759 is divided by 6.
5
What is the remainder when 80847 is divided by 55?
52
Calculate the remainder when 99 is divided by 35.
29
What is the remainder when 7454 is divided by 71?
70
Calculate the remainder when 383 is divided by 95.
3
Calculate the remainder when 79 is divided by 40.
39
Calculate the remainder when 9980 is divided by 32.
28
Calculate the remainder when 299 is divided by 59.
4
What is the remainder when 57 is divided by 13?
5
What is the remainder when 332 is divided by 37?
36
What is the remainder when 309 is divided by 56?
29
Calculate the remainder when 99 is divided by 65.
34
What is the remainder when 1247 is divided by 39?
38
What is the remainder when 122 is divided by 22?
12
Calculate the remainder when 112 is divided by 59.
53
Calculate the remainder when 3690 is divided by 77.
71
What is the remainder when 625 is divided by 17?
13
Calculate the remainder when 31 is divided by 9.
4
Calculate the remainder when 278 is divided by 108.
62
What is the remainder when 284 is divided by 16?
12
What is the remainder when 1678 is divided by 21?
19
What is the remainder when 365 is divided by 186?
179
Calculate the remainder when 2070 is divided by 14.
12
Calculate the remainder when 702 is divided by 244.
214
What is the remainder when 1006 is divided by 28?
26
Calculate the remainder when 83 is divided by 44.
39
Calculate the remainder when 164 is divided by 83.
81
Calculate the remainder when 4826 is divided by 93.
83
What is the remainder when 301 is divided by 38?
35
Calculate the remainder when 26 is divided by 23.
3
Calculate the remainder when 72 is divided by 28.
16
Calculate the remainder when 462 is divided by 153.
3
What is the remainder when 3943 is divided by 50?
43
Calculate the remainder when 190 is divided by 48.
46
Calculate the remainder when 492 is divided by 163.
3
Calculate the remainder when 3495 is divided by 100.
95
Calculate the remainder when 409 is divided by 230.
179
Calculate the remainder when 6467 is divided by 49.
48
Calculate the remainder when 6945 is divided by 158.
151
What is the remainder when 12 is divided by 11?
1
Calculate the remainder when 69 is divided by 14.
13
What is the remainder when 1427 is divided by 119?
118
What is the remainder when 8595 is divided by 4285?
25
What is the remainder when 446 is divided by 42?
26
Calculate the remainder when 72 is divided by 13.
7
What is the remainder when 2374 is divided by 265?
254
What is the remainder when 274 is divided by 137?
0
Calculate the remainder when 866 is divided by 68.
50
What is the remainder when 210 is divided by 50?
10
Calculate the remainder when 3417 is divided by 118.
113
Calculate the remainder when 558 is divided by 169.
51
What is the remainder when 477 is divided by 467?
10
What is the remainder when 9553 is divided by 15?
13
Calculate the remainder when 501 is divided by 256.
245
Calculate the remainder when 2961 is divided by 1471.
19
Calculate the remainder when 1748 is divided by 245.
33
What is the remainder when 83 is divided by 29?
25
What is the remainder when 399 is divided by 9?
3
Calculate the remainder when 32 is divided by 11.
10
Calculate the remainder when 14 is divided by 9.
5
What is the remainder when 241 is divided by 73?
22
Calculate the remainder when 133 is divided by 63.
7
Calculate the remainder when 189 is divided by 15.
9
What is the remainder when 833 is divided by 56?
49
What is the remainder when 10867 is divided by 87?
79
What is the remainder when 756 is divided by 40?
36
What is the remainder when 286 is divided by 32?
30
What is the remainder when 88 is divided by 24?
16
What is the remainder when 21 is divided by 13?
8
What is the remainder when 1669 is divided by 47?
24
Calculate the remainder when 164 is divided by 66.
32
What is the remainder when 170 is divided by 25?
20
Calculate the remainder when 337 is divid